{"id":17,"date":"2016-01-12T09:31:50","date_gmt":"2016-01-12T09:31:50","guid":{"rendered":"http:\/\/democontent.codex-themes.com\/thegem\/?page_id=17"},"modified":"2025-12-05T11:43:02","modified_gmt":"2025-12-05T11:43:02","slug":"oulunkelkkavuokraus","status":"publish","type":"page","link":"https:\/\/www.oulunkelkkavuokraus.fi\/index.php\/oulunkelkkavuokraus\/","title":{"rendered":"Oulun Kelkkavuokraus Oy"},"content":{"rendered":"<div class=\"wpb-content-wrapper\"><p>[vc_row][vc_column][vc_column_text]<\/p>\n<p style=\"text-align: center;\"><strong>Oulun Kelkkavuokraus Oy:n tarina alkoi vuonna 2019 pienimuotoisella moottorikelkkavuokraustoiminnolla Maken Kelkkavuokraamo nimell\u00e4. Jo ensimm\u00e4isest\u00e4 talvesta l\u00e4htien oli havaittavissa, ett\u00e4 Oulun seudulle halutaan moottorikelkkavuokraamo, josta saa vuokralle yleisest\u00e4 trendist\u00e4 poiketen laadukkaita, keveit\u00e4 ja tehokkaita 2-tahti moottorikelkkoja. Kysynn\u00e4n kasvaessa vuokraustoiminta laajeni useamman kelkan vuokraustoimintaan ja kelkkoja tultiin vuokraamaan ymp\u00e4ri suomea. Moottorikelkkojen vuokraus piti kuitenkin lopettaa sen hetkisest\u00e4 el\u00e4m\u00e4ntilanteesta johtuen, joten vuokraustoiminta lopetettiin vuonna 2021.<\/strong><\/p>\n<p style=\"text-align: center;\"><strong>Mutta nyt, syksyll\u00e4 2023, on aika uudelle alulle. Maken Kelkkavuokraamo vaihtaa nimens\u00e4 Oulun Kelkkavuokraus Oy:ksi ja toimintaan tulee mukaan lis\u00e4vahvistuksia. Haluamme jatkaa tarjontaa kysytylle moottorikelkkojen vuokraukselle Oulun seudulla sek\u00e4 palvella vanhoja ja tulevia asiakkaitamme asiantuntevalla laadulla.\u00a0 Oulun Kelkkavuokraus Oy:n toimintamalli on sama kuin ennenkin, eli haluamme tarjota asiakkaillemme parhaan mahdollisen kelkkailukokemuksen nykyaikaisilla ja laadukkailla moottorikelkoilla.<\/strong><\/p>\n<p style=\"text-align: center;\"><strong>Tervetuloa vuokraamaan meilt\u00e4 moottorikelkkoja!<\/strong><\/p>\n<p>[\/vc_column_text][\/vc_column][\/vc_row][vc_row][vc_column]<div class=\"clearboth\"><\/div><style>#thegem-divider-69f3c9c232dde {margin-top: 50px !important;}<\/style><div id=\"thegem-divider-69f3c9c232dde\" class=\"gem-divider  \" style=\"\" ><\/div>[\/vc_column][\/vc_row][vc_row][vc_column][vc_single_image image=&#8221;32271&#8243; img_size=&#8221;full&#8221;]<div class=\"clearboth\"><\/div><style>#thegem-divider-69f3c9c232e13 {margin-top: 50px !important;}<\/style><div id=\"thegem-divider-69f3c9c232e13\" class=\"gem-divider  \" style=\"\" ><\/div>[vc_column_text css=&#8221;&#8221;]Palvelemme teit\u00e4 sopimuksen mukaan. Moottorikelkkamme sijaitsevat Oulunsalossa osoitteessa <strong>Pajuniementie 91, 90470 Oulu<\/strong>. Sovithan moottorikelkkojen noudon ja palautuksen ennakkoon, paikalla ei ole jatkuvaa p\u00e4ivystyst\u00e4.<\/p>\n<p>&nbsp;<\/p>\n<p>Meille voi maksaa k\u00e4teisell\u00e4, tilisiirrolla, mobilepaylla sek\u00e4 ty\u00f6nantajan tarjoamilla liikuntaeduilla, mm. smartum, epassi ja edenred.<\/p>\n<p>Yritysasiakas: kysy mahdollisuutta laskulle!<\/p>\n<p>&nbsp;<\/p>\n<p><img class=\"alignnone wp-image-32156\" src=\"https:\/\/www.oulunkelkkavuokraus.fi\/wp-content\/uploads\/2023\/11\/SMARTUM_LOGO_RGB_BLACK-300x56.png\" alt=\"\" width=\"193\" height=\"36\" srcset=\"https:\/\/www.oulunkelkkavuokraus.fi\/wp-content\/uploads\/2023\/11\/SMARTUM_LOGO_RGB_BLACK-300x56.png 300w, https:\/\/www.oulunkelkkavuokraus.fi\/wp-content\/uploads\/2023\/11\/SMARTUM_LOGO_RGB_BLACK-768x145.png 768w, https:\/\/www.oulunkelkkavuokraus.fi\/wp-content\/uploads\/2023\/11\/SMARTUM_LOGO_RGB_BLACK.png 946w\" sizes=\"(max-width: 193px) 100vw, 193px\" \/>\u00a0 \u00a0 \u00a0 \u00a0 \u00a0 <img class=\"alignnone wp-image-32157\" src=\"https:\/\/www.oulunkelkkavuokraus.fi\/wp-content\/uploads\/2023\/11\/Epassi-Logo-Primary-Black-RGB-300x94.png\" alt=\"\" width=\"150\" height=\"47\" srcset=\"https:\/\/www.oulunkelkkavuokraus.fi\/wp-content\/uploads\/2023\/11\/Epassi-Logo-Primary-Black-RGB-300x94.png 300w, https:\/\/www.oulunkelkkavuokraus.fi\/wp-content\/uploads\/2023\/11\/Epassi-Logo-Primary-Black-RGB.png 608w\" sizes=\"(max-width: 150px) 100vw, 150px\" \/>\u00a0 \u00a0 \u00a0 \u00a0 \u00a0 \u00a0<img class=\"alignnone wp-image-32158\" src=\"https:\/\/www.oulunkelkkavuokraus.fi\/wp-content\/uploads\/2023\/11\/Edenred_logo_CMYK_red-300x193.webp\" alt=\"\" width=\"95\" height=\"61\" srcset=\"https:\/\/www.oulunkelkkavuokraus.fi\/wp-content\/uploads\/2023\/11\/Edenred_logo_CMYK_red-300x193.webp 300w, https:\/\/www.oulunkelkkavuokraus.fi\/wp-content\/uploads\/2023\/11\/Edenred_logo_CMYK_red-1024x658.webp 1024w, https:\/\/www.oulunkelkkavuokraus.fi\/wp-content\/uploads\/2023\/11\/Edenred_logo_CMYK_red-768x494.webp 768w, https:\/\/www.oulunkelkkavuokraus.fi\/wp-content\/uploads\/2023\/11\/Edenred_logo_CMYK_red-1536x987.webp 1536w, https:\/\/www.oulunkelkkavuokraus.fi\/wp-content\/uploads\/2023\/11\/Edenred_logo_CMYK_red.webp 1722w\" sizes=\"(max-width: 95px) 100vw, 95px\" \/> <img class=\"alignnone wp-image-32283 size-thumbnail\" src=\"https:\/\/www.oulunkelkkavuokraus.fi\/wp-content\/uploads\/2023\/12\/MP_RGB_NoTM_LogoType-Vertical-Blue-150x150.png\" alt=\"\" width=\"150\" height=\"150\" srcset=\"https:\/\/www.oulunkelkkavuokraus.fi\/wp-content\/uploads\/2023\/12\/MP_RGB_NoTM_LogoType-Vertical-Blue-150x150.png 150w, https:\/\/www.oulunkelkkavuokraus.fi\/wp-content\/uploads\/2023\/12\/MP_RGB_NoTM_LogoType-Vertical-Blue-256x256.png 256w\" sizes=\"(max-width: 150px) 100vw, 150px\" \/>[\/vc_column_text][\/vc_column][\/vc_row][vc_row][vc_column]<div class=\"clearboth\"><\/div><style>#thegem-divider-69f3c9c232e26 {margin-top: 50px !important;}<\/style><div id=\"thegem-divider-69f3c9c232e26\" class=\"gem-divider  \" style=\"\" ><\/div>[\/vc_column][\/vc_row][vc_row][vc_column][vc_column_text css=&#8221;&#8221;]Alta l\u00f6yd\u00e4t vuokrasopimuksenyhteydess\u00e4 allekirjoitettavat vuokrausehdot. Tutustuhan huolella vuokraehtoihin ennen sopimuksen allekirjoittamista.<\/p>\n<p>&nbsp;<\/p>\n<p>&nbsp;<\/p>\n<p style=\"text-align: center;\"><strong>OULUN KELKKAVUOKRAUS OY<\/strong><\/p>\n<p style=\"text-align: center;\"><strong>VUOKRAUSEHDOT<\/strong><\/p>\n<p>&nbsp;<\/p>\n<p>-Vuokraaja sitoutuu noudattamaan suomen lakia.<\/p>\n<p>-Moottorikelkalla ei saa ajaa alkoholin vaikutuksen alaisena.<\/p>\n<p>-Vuokraajan on oltava v\u00e4hint\u00e4\u00e4n 15-vuotias ja v\u00e4hint\u00e4\u00e4n T-luokan ajokortti.<\/p>\n<p>-Vuokraaja on velvollinen huolehtimaan vuokra-ajan huolloista (<strong>riitt\u00e4v\u00e4 tuorevoitelu\u00f6ljyn m\u00e4\u00e4r\u00e4<\/strong>, hihna, tulpat)<\/p>\n<p>-Vuokraaja on vastuussa kelkalle sek\u00e4 kolmansille osapuolille aiheutuneista vahingoista.<\/p>\n<p>-Moottorikelkassa on<strong>&nbsp;GPS-paikannin.<\/strong><\/p>\n<p>-Vuokraajan omavastuu vahinkotilanteissa, my\u00f6s k\u00e4ytt\u00f6virheest\u00e4 johtuva vahinko, on 1200\u20ac \/ moottorikelkka.<\/p>\n<p>-Omavastuu tulee suorittaa Oulun Kelkkavuokraus Oy:lle v\u00e4litt\u00f6m\u00e4sti vuokra-ajan p\u00e4\u00e4ttyess\u00e4. <strong>Omavastuulla katetaan my\u00f6s seisonta-ajasta johtuvat vahingot vuokranantajalle.<\/strong><\/p>\n<p>-Vuokrahinta ei sis\u00e4ll\u00e4 polttoainetta. Moottorikelkka on palautettava polttoainetankki t\u00e4ynn\u00e4, 98okt.<\/p>\n<p>-Vuokrahinta sis\u00e4lt\u00e4\u00e4 tuorevoitelu\u00f6ljyn!<\/p>\n<p>-Viikonloppuvuokrassa enint\u00e4\u00e4n 400km. Ylimenevist\u00e4 kilometreist\u00e4 veloitetaan 1 \u20ac \/ kilometri.<\/p>\n<p>-Jos moottorikelkassa ilmenee jokin vika vuokra-aikana, on siit\u00e4 ilmoitettava viipym\u00e4tt\u00e4 vuokranantajalle, Puh.0407369461. Mahdollisia korjaust\u00f6it\u00e4 ei saa aloittaa ilman lupaa. Ajamisen est\u00e4v\u00e4ss\u00e4 viassa vuokraaja on velvollinen toimittamaan moottorikelkan takaisin Oulun Kelkkavuokraus Oy:n noutopisteelle tai yhdess\u00e4 vuokranantajan kanssa sovitulle korjaamolle.<\/p>\n<p>-Moottorikelkka pit\u00e4\u00e4 palauttaa sovittuna ajankohtana sovittuun paikkaan. Ylimenev\u00e4st\u00e4 ajasta perit\u00e4\u00e4n lis\u00e4maksu 50 \u20ac \/ alkava tunti.<\/p>\n<p>-Vuokraaja ei saa luovuttaa moottorikelkkaa kolmannelle osapuolelle.<\/p>\n<p>-Moottorikelkkaa ei saa k\u00e4ytt\u00e4\u00e4 kilpatoiminnassa eik\u00e4 lainvastaisessa toiminnassa.<\/p>\n<p>-T\u00e4m\u00e4n sopimuksen haltijalla on oikeus k\u00e4ytt\u00e4\u00e4 sopimuksessa mainittua kelkkaa ja sopimus on vaadittaessa n\u00e4ytett\u00e4v\u00e4 viranomaisille.<\/p>\n<p>-Vuokranantaja on oikeutettu purkamaan vuokrasopimus vuokra-ajan kuluessa heti, jos k\u00e4ytt\u00e4j\u00e4 rikkoo tai ilmeisesti tulisi rikkomaan t\u00e4m\u00e4n sopimuksen ehtoja vastaan tai osoittautuu kykenem\u00e4tt\u00f6m\u00e4ksi moottorikelkan kunnolliseen ajoon tai k\u00e4sittelyyn. Vuokranantajalla on sama oikeus, mik\u00e4li asiakas on sopimusta teht\u00e4ess\u00e4 antanut v\u00e4\u00e4ri\u00e4 tietoja.[\/vc_column_text][\/vc_column][\/vc_row]<\/p>\n<\/div>","protected":false},"excerpt":{"rendered":"<p>[vc_row][vc_column][vc_column_text] Oulun Kelkkavuokraus Oy:n tarina alkoi vuonna 2019 pienimuotoisella moottorikelkkavuokraustoiminnolla Maken Kelkkavuokraamo nimell\u00e4. Jo ensimm\u00e4isest\u00e4 talvesta l\u00e4htien oli havaittavissa, ett\u00e4&#8230;<\/p>\n","protected":false},"author":1,"featured_media":0,"parent":0,"menu_order":0,"comment_status":"closed","ping_status":"closed","template":"","meta":{"footnotes":""},"class_list":["post-17","page","type-page","status-publish"],"_links":{"self":[{"href":"https:\/\/www.oulunkelkkavuokraus.fi\/index.php\/wp-json\/wp\/v2\/pages\/17","targetHints":{"allow":["GET"]}}],"collection":[{"href":"https:\/\/www.oulunkelkkavuokraus.fi\/index.php\/wp-json\/wp\/v2\/pages"}],"about":[{"href":"https:\/\/www.oulunkelkkavuokraus.fi\/index.php\/wp-json\/wp\/v2\/types\/page"}],"author":[{"embeddable":true,"href":"https:\/\/www.oulunkelkkavuokraus.fi\/index.php\/wp-json\/wp\/v2\/users\/1"}],"replies":[{"embeddable":true,"href":"https:\/\/www.oulunkelkkavuokraus.fi\/index.php\/wp-json\/wp\/v2\/comments?post=17"}],"version-history":[{"count":18,"href":"https:\/\/www.oulunkelkkavuokraus.fi\/index.php\/wp-json\/wp\/v2\/pages\/17\/revisions"}],"predecessor-version":[{"id":32320,"href":"https:\/\/www.oulunkelkkavuokraus.fi\/index.php\/wp-json\/wp\/v2\/pages\/17\/revisions\/32320"}],"wp:attachment":[{"href":"https:\/\/www.oulunkelkkavuokraus.fi\/index.php\/wp-json\/wp\/v2\/media?parent=17"}],"curies":[{"name":"wp","href":"https:\/\/api.w.org\/{rel}","templated":true}]}}