{"id":31778,"date":"2016-01-12T09:30:43","date_gmt":"2016-01-12T09:30:43","guid":{"rendered":"http:\/\/democontent.codex-themes.com\/thegem\/?page_id=7"},"modified":"2026-01-26T08:32:00","modified_gmt":"2026-01-26T08:32:00","slug":"moottorikelkat","status":"publish","type":"page","link":"https:\/\/www.oulunkelkkavuokraus.fi\/index.php\/moottorikelkat\/","title":{"rendered":"Moottorikelkat"},"content":{"rendered":"<div class=\"wpb-content-wrapper\"><p>[vc_row][vc_column][vc_column_text css_animation=&#8221;zoomIn&#8221;]<\/p>\n<p style=\"text-align: center;\"><strong>Vuokrattavat moottorikelkat ovat nykyaikaisia 2-tahti moottorikelkkoja. Emme tyydy yleiseen vuokraustrendiin painavineen nelitahtikelkkoineen, vaan pyrimme antamaan parhaan mahdollisen kelkkailukokemuksen, jolloin vuokrattavan kelkan tulee olla nykyaikainen, kevyt ja tehokas. Alta l\u00f6yd\u00e4t t\u00e4m\u00e4nhetkisen vuokrakalustomme. Autamme mielell\u00e4mme valitsemaan juuri teille sopivan moottorikelkan!<\/strong><\/p>\n<p>[\/vc_column_text][\/vc_column][\/vc_row][vc_row][vc_column css_animation=&#8221;slideInRight&#8221; css=&#8221;.vc_custom_1699562204981{background-color: #ffffff !important;}&#8221;][vc_column_text css=&#8221;.vc_custom_1724930030826{background-color: #ffffff !important;}&#8221;]<img class=\"alignnone wp-image-32266 size-large\" src=\"https:\/\/www.oulunkelkkavuokraus.fi\/wp-content\/uploads\/2023\/12\/RAVE_20-1024x682.jpg\" alt=\"\" width=\"1024\" height=\"682\" srcset=\"https:\/\/www.oulunkelkkavuokraus.fi\/wp-content\/uploads\/2023\/12\/RAVE_20-1024x682.jpg 1024w, https:\/\/www.oulunkelkkavuokraus.fi\/wp-content\/uploads\/2023\/12\/RAVE_20-300x200.jpg 300w, https:\/\/www.oulunkelkkavuokraus.fi\/wp-content\/uploads\/2023\/12\/RAVE_20-768x512.jpg 768w, https:\/\/www.oulunkelkkavuokraus.fi\/wp-content\/uploads\/2023\/12\/RAVE_20-1536x1024.jpg 1536w, https:\/\/www.oulunkelkkavuokraus.fi\/wp-content\/uploads\/2023\/12\/RAVE_20-2048x1365.jpg 2048w\" sizes=\"(max-width: 1024px) 100vw, 1024px\" \/><\/p>\n<h3>LYNX RAVE RE 600R E-TEC<\/h3>\n<ul>\n<li>PPS-alusta tasoittaa pahemmatkin patikot<\/li>\n<li>Polttoainetaloudellinen ja tehokas 600R E-Tec moottori<\/li>\n<li>Linq-kiinnikkeet<\/li>\n<li>Lis\u00e4s\u00e4ili\u00f6iskarit joka nurkassa<\/li>\n<li>Telamaton pituus 3500mm<\/li>\n<\/ul>\n<h5 style=\"text-align: left;\">HINNASTO<\/h5>\n<p>P\u00e4iv\u00e4vuokra (klo. 8:00 &#8211; 18:00):\u00a0 \u00a0260\u20ac<\/p>\n<p>Vuorokausi (24h):\u00a0 \u00a0 \u00a0 \u00a0 \u00a0 \u00a0 \u00a0 \u00a0 \u00a0 \u00a0 \u00a0 \u00a0 \u00a0 \u00a0 \u00a0 299\u20ac<\/p>\n<p>Viikonloppu (Pe &#8211; Su):\u00a0 \u00a0 \u00a0 \u00a0 \u00a0 \u00a0 \u00a0 \u00a0 \u00a0 \u00a0 \u00a0515\u20ac\u00a0 \u00a0 \u00a0 Max. 400km<\/p>\n<p>Hinnat sis. alv 25,5%[\/vc_column_text][vc_column_text css=&#8221;.vc_custom_1724930646085{margin-left: 0px !important;border-left-width: 0px !important;padding-left: 0px !important;background-color: #ffffff !important;}&#8221;]<img class=\"alignnone wp-image-32267 size-large\" src=\"https:\/\/www.oulunkelkkavuokraus.fi\/wp-content\/uploads\/2023\/12\/RAVE_18-1024x682.jpg\" alt=\"\" width=\"1024\" height=\"682\" srcset=\"https:\/\/www.oulunkelkkavuokraus.fi\/wp-content\/uploads\/2023\/12\/RAVE_18-1024x682.jpg 1024w, https:\/\/www.oulunkelkkavuokraus.fi\/wp-content\/uploads\/2023\/12\/RAVE_18-300x200.jpg 300w, https:\/\/www.oulunkelkkavuokraus.fi\/wp-content\/uploads\/2023\/12\/RAVE_18-768x512.jpg 768w, https:\/\/www.oulunkelkkavuokraus.fi\/wp-content\/uploads\/2023\/12\/RAVE_18-1536x1024.jpg 1536w, https:\/\/www.oulunkelkkavuokraus.fi\/wp-content\/uploads\/2023\/12\/RAVE_18-2048x1365.jpg 2048w\" sizes=\"(max-width: 1024px) 100vw, 1024px\" \/><\/p>\n<h3 class=\"title-h3\"><span style=\"color: #000000;\"><strong>LYNX RAVE RE 600 E-TEC<\/strong><\/span><\/h3>\n<ul>\n<li>PPS-alusta tasoittaa pahemmatkin patikot<\/li>\n<li>Polttoainetaloudellinen ja tehokas 600 E-Tec moottori<\/li>\n<li>Lis\u00e4s\u00e4ili\u00f6iskarit joka nurkassa<\/li>\n<li>Telamaton pituus 3300mm<\/li>\n<\/ul>\n<h5 style=\"text-align: left;\">HINNASTO<\/h5>\n<p>P\u00e4iv\u00e4vuokra (klo. 8:00 &#8211; 18:00):\u00a0 \u00a0260\u20ac<\/p>\n<p>Vuorokausi (24h):\u00a0 \u00a0 \u00a0 \u00a0 \u00a0 \u00a0 \u00a0 \u00a0 \u00a0 \u00a0 \u00a0 \u00a0 \u00a0 \u00a0 \u00a0 299\u20ac<\/p>\n<p>Viikonloppu (Pe &#8211; Su):\u00a0 \u00a0 \u00a0 \u00a0 \u00a0 \u00a0 \u00a0 \u00a0 \u00a0 \u00a0 \u00a0515\u20ac\u00a0 \u00a0 \u00a0 Max. 400km<\/p>\n<p>Hinnat sis. alv 25,5%[\/vc_column_text][vc_column_text css=&#8221;.vc_custom_1724930152823{margin-left: 0px !important;border-left-width: 0px !important;padding-left: 0px !important;}&#8221;]<img class=\"alignnone wp-image-32268 size-large\" src=\"https:\/\/www.oulunkelkkavuokraus.fi\/wp-content\/uploads\/2023\/12\/BD-1024x683.jpg\" alt=\"\" width=\"1024\" height=\"683\" srcset=\"https:\/\/www.oulunkelkkavuokraus.fi\/wp-content\/uploads\/2023\/12\/BD-1024x683.jpg 1024w, https:\/\/www.oulunkelkkavuokraus.fi\/wp-content\/uploads\/2023\/12\/BD-300x200.jpg 300w, https:\/\/www.oulunkelkkavuokraus.fi\/wp-content\/uploads\/2023\/12\/BD-768x512.jpg 768w, https:\/\/www.oulunkelkkavuokraus.fi\/wp-content\/uploads\/2023\/12\/BD-1536x1024.jpg 1536w, https:\/\/www.oulunkelkkavuokraus.fi\/wp-content\/uploads\/2023\/12\/BD-2048x1366.jpg 2048w\" sizes=\"(max-width: 1024px) 100vw, 1024px\" \/><\/p>\n<h3>LYNX BOONDOCKER RE shot 850 E-TEC<\/h3>\n<ul>\n<li>PPS-alusta tasoittaa pahemmatkin patikot<\/li>\n<li>Polttoainetaloudellinen ja tehokas 850 E-Tec moottori<\/li>\n<li>Linq-kiinnikkeet<\/li>\n<li>Lis\u00e4s\u00e4ili\u00f6iskarit joka nurkassa<\/li>\n<li>Telamaton pituus 3700mm<\/li>\n<\/ul>\n<h5 style=\"text-align: left;\">HINNASTO<\/h5>\n<p>P\u00e4iv\u00e4vuokra (klo. 8:00 &#8211; 18:00):\u00a0 \u00a0290\u20ac<\/p>\n<p>Vuorokausi (24h):\u00a0 \u00a0 \u00a0 \u00a0 \u00a0 \u00a0 \u00a0 \u00a0 \u00a0 \u00a0 \u00a0 \u00a0 \u00a0 \u00a0 \u00a0 330\u20ac<\/p>\n<p>Viikonloppu (Pe &#8211; Su):\u00a0 \u00a0 \u00a0 \u00a0 \u00a0 \u00a0 \u00a0 \u00a0 \u00a0 \u00a0 \u00a0550\u20ac\u00a0 \u00a0 \u00a0 Max. 400km<\/p>\n<p>Hinnat sis. alv 25,5%[\/vc_column_text][vc_column_text css=&#8221;.vc_custom_1769416313853{margin-left: 0px !important;border-left-width: 0px !important;padding-left: 0px !important;}&#8221;]<\/p>\n<h3><img class=\"alignnone size-large wp-image-32384\" src=\"https:\/\/www.oulunkelkkavuokraus.fi\/wp-content\/uploads\/2026\/01\/IMG-20260124-WA0007-1024x769.jpg\" alt=\"\" width=\"1024\" height=\"769\" srcset=\"https:\/\/www.oulunkelkkavuokraus.fi\/wp-content\/uploads\/2026\/01\/IMG-20260124-WA0007-1024x769.jpg 1024w, https:\/\/www.oulunkelkkavuokraus.fi\/wp-content\/uploads\/2026\/01\/IMG-20260124-WA0007-300x225.jpg 300w, https:\/\/www.oulunkelkkavuokraus.fi\/wp-content\/uploads\/2026\/01\/IMG-20260124-WA0007-768x577.jpg 768w, https:\/\/www.oulunkelkkavuokraus.fi\/wp-content\/uploads\/2026\/01\/IMG-20260124-WA0007.jpg 1371w\" sizes=\"(max-width: 1024px) 100vw, 1024px\" \/><\/h3>\n<h3>ski-doo backcountry xrs 850 E-TEC<\/h3>\n<ul>\n<li>cMotion alusta tasoittaa pahimmatkin patikot<\/li>\n<li>Polttoainetaloudellinen ja tehokas 850 E-Tec moottori<\/li>\n<li>Linq-kiinnikkeet<\/li>\n<li>Lis\u00e4s\u00e4ili\u00f6iskarit joka nurkassa<\/li>\n<li>Telamaton pituus 3700mm<\/li>\n<li>S\u00e4hk\u00f6k\u00e4ynnistin<\/li>\n<\/ul>\n<h5 style=\"text-align: left;\">HINNASTO<\/h5>\n<p>P\u00e4iv\u00e4vuokra (klo. 8:00 &#8211; 18:00):&nbsp; &nbsp;310\u20ac<\/p>\n<p>Vuorokausi (24h):&nbsp; &nbsp; &nbsp; &nbsp; &nbsp; &nbsp; &nbsp; &nbsp; &nbsp; &nbsp; &nbsp; &nbsp; &nbsp; &nbsp; &nbsp; 350\u20ac<\/p>\n<p>Viikonloppu (Pe &#8211; Su):&nbsp; &nbsp; &nbsp; &nbsp; &nbsp; &nbsp; &nbsp; &nbsp; &nbsp; &nbsp; &nbsp;580\u20ac&nbsp; &nbsp; &nbsp; Max. 400km<\/p>\n<p>Hinnat sis. alv 25,5%[\/vc_column_text]<div class=\"clearboth\"><\/div><style>#thegem-divider-69f37e1314bc1 {margin-top: 100px !important;}<\/style><div id=\"thegem-divider-69f37e1314bc1\" class=\"gem-divider  \" style=\"\" ><\/div>[vc_column_text]Meilt\u00e4 saat my\u00f6s per\u00e4k\u00e4rryn vuokralle!<\/p>\n<ul>\n<li>Lavakoko 185cm x 350 cm.<\/li>\n<li>Kippiominaisuus<\/li>\n<\/ul>\n<p>Hinta kelkkavuokrauksen yhteydess\u00e4:<\/p>\n<p>-P\u00e4iv\u00e4 20\u20ac<\/p>\n<p>-Viikonloppu 30\u20ac<\/p>\n<p>Hinta ilman kelkkavuokrauksta:<\/p>\n<p>-P\u00e4iv\u00e4 50\u20ac<\/p>\n<p>-Viikonloppu 80\u20ac<\/p>\n<p>Hinnat sis. alv 25,5%<\/p>\n<p>&nbsp;[\/vc_column_text][\/vc_column][\/vc_row]<\/p>\n<\/div>","protected":false},"excerpt":{"rendered":"<p>[vc_row][vc_column][vc_column_text css_animation=&#8221;zoomIn&#8221;] Vuokrattavat moottorikelkat ovat nykyaikaisia 2-tahti moottorikelkkoja. Emme tyydy yleiseen vuokraustrendiin painavineen nelitahtikelkkoineen, vaan pyrimme antamaan parhaan mahdollisen kelkkailukokemuksen,&#8230;<\/p>\n","protected":false},"author":1,"featured_media":0,"parent":0,"menu_order":0,"comment_status":"closed","ping_status":"closed","template":"","meta":{"footnotes":""},"class_list":["post-31778","page","type-page","status-publish"],"_links":{"self":[{"href":"https:\/\/www.oulunkelkkavuokraus.fi\/index.php\/wp-json\/wp\/v2\/pages\/31778","targetHints":{"allow":["GET"]}}],"collection":[{"href":"https:\/\/www.oulunkelkkavuokraus.fi\/index.php\/wp-json\/wp\/v2\/pages"}],"about":[{"href":"https:\/\/www.oulunkelkkavuokraus.fi\/index.php\/wp-json\/wp\/v2\/types\/page"}],"author":[{"embeddable":true,"href":"https:\/\/www.oulunkelkkavuokraus.fi\/index.php\/wp-json\/wp\/v2\/users\/1"}],"replies":[{"embeddable":true,"href":"https:\/\/www.oulunkelkkavuokraus.fi\/index.php\/wp-json\/wp\/v2\/comments?post=31778"}],"version-history":[{"count":23,"href":"https:\/\/www.oulunkelkkavuokraus.fi\/index.php\/wp-json\/wp\/v2\/pages\/31778\/revisions"}],"predecessor-version":[{"id":32385,"href":"https:\/\/www.oulunkelkkavuokraus.fi\/index.php\/wp-json\/wp\/v2\/pages\/31778\/revisions\/32385"}],"wp:attachment":[{"href":"https:\/\/www.oulunkelkkavuokraus.fi\/index.php\/wp-json\/wp\/v2\/media?parent=31778"}],"curies":[{"name":"wp","href":"https:\/\/api.w.org\/{rel}","templated":true}]}}